the first derivative of -2/3*b**3 - 4*b - 7/2*b**2 + 75. Give h(-4).
-8
Let j(u) = 8*u**2 - u**2 - 186*u - 3*u**2 + 247*u + u**3 - 58*u + 9*u**2 + 19. Suppose 2*f = n + 24 - 5, 0 = -5*n - 3*f - 56. Determine j(n).
-20
Suppose 0 = 44*w - 35*w - 9. Suppose -2*u + 5 + w = 0, 4*u - 28 = 2*n. Let v(a) = a - 2. Calculate v(n).
-10
Let t(g) = g**2 - 2*g + 1412. Let n be t(0). Let x = -127 + n. Let b(y) = y**2 - 1285*y + x*y - 1. Determine b(-1).
0
Let o(q) = 15 + 13*q + q**2 - 2*q - 9 + 13. Calculate o(-9).
1
Let m(n) = n**3 + 3*n**2 - 2*n + 7. Let p be m(-4). Let v(h) = h**2 + h - 1. Let i(x) = -x**3 - 9*x**2 - 4*x. Let g(j) = p*i(j) - 3*v(j). Determine g(-6).
-3
Let b(w) be the second derivative of 4*w**3/3 + w**2/2 + w. Let g be (-63)/27 - -15*(-15)/(-675). Calculate b(g).
-15
Let p(x) = x - 1 + 2*x - 2*x. Let l(u) = -u**2 + 2*u + 1. Let b be l(0). Suppose 0 = -i - y - b, -3*y + 3 = 6. What is p(i)?
-1
Let d(u) = -10*u - 48 - 9*u - 4*u + 31*u - 14*u. Calculate d(-5).
-18
Suppose -p - 2*s + 1 - 8 = 0, 6 = -2*p - 2*s. Suppose -g + 4 = p. Let d(a) be the first derivative of -a**3/3 + 5*a**2/2 - 3*a + 1183. What is d(g)?
3
Suppose 4*t - 10 = -2*i, 4*i + 25 = -19*t + 20*t. Let w(n) be the second derivative of -n**4/12 - n**3 + n**2/2 - 4*n. Determine w(i).
6
Let x(h) = 8*h + 14. Let u(o) = 12*o + 22. Let p(i) = 5*u(i) - 8*x(i). Let s(n) = -11*n - 8. Let q(b) = 3*p(b) - s(b). Give q(2).
0
Let v(y) = -y**3 + y**2 - y - 3. Let f be v(0). Let x be 2/3*1 + (-4)/(-3). Let r(k) = -59*k**3 - 2*k + 60*k**3 + 3*k**2 - 4*k**x + 3*k**2. What is r(f)?
-3
Let n(o) be the first derivative of o**4 + o**3/3 - 2*o**2 + 7*o - 2659. Determine n(3).
112
Let q(l) be the second derivative of -l**5/20 - 5*l**4/12 + 2*l**3/3 - 19*l**2/2 - 161*l - 22. Let d be -6 - (0 - 3) - 3. Give q(d).
-7
Let v = -21 + 18. Let h(x) be the first derivative of x - 1/4*x**4 + 1/2*x**2 - x**3 - 8. What is h(v)?
-2
Let f(t) = -2*t + 6. Let d(i) = -9*i**3 - 2*i**2 - 3*i - 2. Let u be d(-1). Suppose -7*s = -5*s + v - u, s - v = 4. What is f(s)?
-2
Let l(c) = -c**2 - 68*c - 1111. Let a be l(-41). Let u(s) = 24*s + 7. Give u(a).
-89
Let u(r) = -2*r - 13. Suppose 2*b + 7*b + 100 = 19*b. Calculate u(b).
-33
Let u(l) = l**2 - 28*l + 19. Let m be (2 - -40)/((-366)/(-244)). What is u(m)?
19
Let t(m) = -6*m - 1. Suppose 120*p - 124*p = 5 - 1. Give t(p).
5
Let c(w) = 5*w + 15. Suppose -187*g = -155*g + 160. Calculate c(g).
-10
Let p(x) = x**2 + 38*x**3 - 46*x - x**2 + 89*x - x**2 + 4 - 47*x. Calculate p(1).
37
Let i(q) = 3*q**2 + 3*q + 7. Let l be i(-5). Suppose 734 + 586 = 20*g. Let r(s) = 0*s - 12*s - g + l + 2*s. Calculate r(-1).
11
Let a(l) = -l**3 + 4*l**2 - 490*l - 10*l**2 + 486*l. Let u = -24 + 19. What is a(u)?
-5
Suppose o - 2*l - 3*l = -11, 3*l - 5 = o. Let j be (-1)/2 + (-120)/(-16). Let z(y) = 1 - 7*y - j*y + 17*y. Determine z(o).
13
Let r(z) = -5*z**3 - 53*z**2 - 12*z - 75. Let n(c) = c**3 + 10*c**2 + 2*c + 15. Let a(x) = -11*n(x) - 2*r(x). Calculate a(-5).
0
Let r(d) = -58*d - 232. Let k be r(-4). Let v(h) be the third derivative of k + 0*h**4 + 0*h - 11*h**2 + 1/60*h**5 - 7/120*h**6 - 1/6*h**3. What is v(1)?
-7
Let o(j) = j**3 - 4*j**2 + 4. Suppose a + 1 = -2*s + 2, 0 = -2*a - 6. Suppose -5*l - 43 = -s*i - 2*i, -26 = -2*i + 4*l. Let f be 279/63 + (-3)/i. Give o(f).
4
Let h(w) = 20*w**2 - 59*w - 204. Let f be h(5). Let n(b) = -2*b + 5. Let o(y) = -2*y + 6. Let j(c) = -5*n(c) + 4*o(c). Calculate j(f).
1
Let g(m) = -3*m + 6. Let y = 30 - 34. Let x be (-5)/40*y*8. Give g(x).
-6
Let v(o) = 2*o**2 - 6*o + 2. Suppose 13*l - 72 = 9*l. Suppose -4*x - l = -7*x. Calculate v(x).
38
Let n(d) = -10*d + 18. Let r be n(0). Let w(i) = i**2 - 16*i - 39. Let q be w(r). Let p(z) = -6*z - 4. Determine p(q).
14
Let w(m) = 13*m**2 + 8*m - 12. Let p(j) = -3*j**2 - 2*j. Let d(s) = 4*p(s) + w(s). Give d(8).
52
Let z be (281/2)/(5 - (-66)/(-12)). Let i = 280 + z. Let u(m) = 24*m**3 + m + 1. Give u(i).
-24
Let t be 10 + (-31 - (-19 - 4)). Let a(j) = 22*j - 64. Determine a(t).
-20
Suppose -78*b + 123*b - 135 = 0. Let i(f) = -8*f + 2. Give i(b).
-22
Let f = 31 - 29. Suppose 4*u - 16 = -4*k, 5*k - 10 - 10 = 5*u. Let o(m) = 6*m**f - m + 2 + k*m - 2*m**3 - 3*m**2. What is o(3)?
-16
Let z(i) = -26*i - 11*i - 16*i - 30 + 53*i**2 - i**3 + 15*i - 31*i**2. Give z(20).
10
Let n be 110/55 + 25/(-7) + (-3)/7. Let c(l) be the second derivative of 4/3*l**3 - l**2 + 2*l + 0. Give c(n).
-18
Let j(t) = -t**3 - 2*t**2 - t + 7. Let p = 5003 + -5003. Give j(p).
7
Let s(g) = 21*g**3 + 1. Let t be 24/3 + 20 + -13. Suppose 5*l = -5*r + t, -15*r - 10 = -13*r - 2*l. What is s(r)?
-20
Suppose -4*y + 62 = 2*f, -148 = -13*f + 8*f - 3*y. Suppose 0 = -4*p - 5*k + f, 5*p - 15*k + 14*k = 29. Let x(t) = t**3 - 7*t**2 + 7*t - 4. Determine x(p).
2
Suppose -5*w + 19 = 3*x, 3*x - 24 = 2*w - 19. Suppose -2*o - 4*t = -7*t + 31, 0 = x*t - 9. Let n(j) = j**2 + 11*j - 1. Give n(o).
-1
Let p(j) be the third derivative of j**5/60 + j**4/8 + j**3/2 + 5*j**2 - 4*j - 63. What is p(4)?
31
Let g(t) = 11*t**2 + t + 2. Let u(s) = 27*s**2 + 2*s + 10. Let k(y) = 4*g(y) - u(y). Determine k(-2).
62
Let n(d) be the third derivative of d**5/120 - d**4/3 - 5*d**3/6 + 2*d**2 + 17. Let p(r) be the first derivative of n(r). What is p(10)?
2
Let g(i) = -i**2 - 15*i - 5. Let y be g(-10). Suppose -2*c = -3*c - y. Let t = c - -49. Let w(q) = 6*q - 4. What is w(t)?
20
Let p = -3219 - -3221. Let t(h) = -14*h + 2. Give t(p).
-26
Let b(l) be the second derivative of -l**6/360 - l**5/60 + l**4/6 - 7*l**3/6 + 9*l**2 + 2*l + 180. Let n(z) be the second derivative of b(z). Determine n(-4).
-4
Let q be (-2)/4 + 2/(-4). Let t(z) = -6*z - 12*z + 702*z**2 - 694*z**2 + 3 + 3. Let l(a) = 21*a**2 - 51*a + 17. Let i(k) = 6*l(k) - 17*t(k). What is i(q)?
-10
Let x(i) = -12*i. Let n(y) = y**2 - 10*y - 1. Let m(c) = -2*n(c) + 2*x(c). Give m(-7).
-68
Let c(l) = -l**2 + 3*l + 7. Let j = 90 - 88. Suppose j*z + 3*u = 5 + 27, -44 = -4*z + 4*u. Let g = z + -8. What is c(g)?
-3
Let d(j) = j**2 - j + 2. Suppose a = 204 - 48. Let q be a/(-130)*((-18)/4 - -2). Give d(q).
8
Let p be -10 + (35 - 10) - 18. Let d(f) = 10*f**2 - f - 3. What is d(p)?
90
Let w(q) = -5*q**3 + 12*q**2 + 7*q - 67. Let x(m) = m**3 - 3*m**2 - m + 14. Let t(f) = -w(f) - 4*x(f). Calculate t(0).
11
Let c = 8561 - 8553. Let b(h) = h**2 + 23*h - 255. Determine b(c).
-7
Let s(h) = -30*h**2 + 2*h + 37*h**2 - h**2 + h**3. Suppose -11*x - 39 - 5 = 0. Determine s(x).
24
Let v(r) be the third derivative of -r**6/120 - r**5/12 + r**4/4 + 5*r**3/6 - r**2. Let b = -47 + 53. Suppose 0 = -q - b. What is v(q)?
5
Let n(y) = -2 - 8635*y + 17263*y - 8630*y. Let r be 0 - (1 + 0) - -7. What is n(r)?
-14
Let n = 2317 - 2313. Let x(i) = i**3 - 8*i**2 - 4. Give x(n).
-68
Let u(w) be the second derivative of 0 - 5*w**2 + 5/6*w**3 + 120*w. What is u(3)?
5
Suppose 0 = 3*g - 5*g + 5*f - 1, 5*f - 5 = 0. Let y(k) = 2*k**2 - 384*k + 3*k**3 - 9*k**2 + 375*k - g*k**3 - 8. Calculate y(8).
-16
Let h(d) = -25534 + 25526 - 13*d + d. Give h(2).
-32
Let v(r) = -9*r**2. Let f = 167 + -139. Suppose f*y = 13*y + 15. Calculate v(y).
-9
Let k be (57/38)/(9/(-30)). Let c(b) = 6*b + 19. Calculate c(k).
-11
Suppose 5*o - 4*o + 16 = y, y + 4*o = 1. Let t(u) = u**2 - 9365*u**3 - y*u**2 - 9 + 9366*u**3 + 11*u. Calculate t(11).
-9
Let p(o) = -3*o - 4. Suppose -b - 2*w = 2*b + 37, 3*b - 2*w + 17 = 0. Give p(b).
23
Let p = 339 + -268. Let f = p + -77. Let w(y) = y**3 + 1 + 2*y - y + 6*y**2 + 0*y**2. Give w(f).
-5
Let n be -13 + 17 + (-16)/(-4). Let o(v) = 2*v**2 - 8*v - 8. Give o(n).
56
Let c = -408 - -414. Let v(b) = b**3 - 3*b**2 - 9*b + 6. Let h(x) = x - 1. Let z(a) = c*h(a) + v(a). What is z(3)?
-9
Suppose 22 = -8*m + 47 + 39. Let h(n) = n**2 - 8*n + 19. What is h(m)?
19
Let d(x) be the third derivative of -x**6/120 - x**5/12 - 5*x**4/24 + x**3/3 + 17*x**2 + 15. Suppose -19 + 79 = 5*w. Suppose 4*y + w = y. Determine d(y).
6
Let u be ((12/9)/(-1) - -3)*3. Let l(i) = 2 - 4*i**2 + 5*i**2 + u*i - 9*i**2. Let c(w) = w**2 - w - 1. Let j(v) = 3*c(v) + l(v). Give j(1).
-4
Let q(o) = -o**2 - 8*o + 6. Let m be q(-9). Let a(u) = -4*u - 18. Let b be a(m). Let g be ((-4)/b)/((-5)/45). Let h(p) = -p**2 - 6*p + 8. Give h(g).
8
Let c = 898 + -903. Let x(p) = -2*p**3 - 9*p**2 + 7*p + 6. Determine x(c).
